{"id":371,"date":"2025-04-24T12:12:00","date_gmt":"2025-04-24T10:12:00","guid":{"rendered":"https:\/\/www.laclefauxchamps.com\/?page_id=371"},"modified":"2025-07-07T09:40:37","modified_gmt":"2025-07-07T07:40:37","slug":"quelques-extraits","status":"publish","type":"page","link":"https:\/\/www.laclefauxchamps.com\/index.php\/quelques-extraits\/","title":{"rendered":"Quelques extraits"},"content":{"rendered":"\n<p>Voici quelques extraits de nos concerts :<br>en l&rsquo;\u00e9glise d&rsquo;Artins, le 13 octobre 2024, \u00ab\u00a0<em>O\u00f9 voulez-vous aller?<\/em>\u00a0\u00bb de Charles Gounod:<\/p>\n\n\n\n<figure class=\"wp-block-audio\"><audio controls src=\"https:\/\/www.laclefauxchamps.com\/wp-content\/uploads\/2025\/05\/Ou-voulez-vous-aller_-Concert-a-Artins-le-13_10_2024.mp3\"><\/audio><\/figure>\n\n\n\n<p>en l&rsquo;\u00e9glise de Couture, le 25 mai 2024, \u00ab\u00a0<em>Cantate Domino<\/em>\u00a0\u00bb de Giovanni Croce:<\/p>\n\n\n\n<figure class=\"wp-block-audio\"><audio controls src=\"https:\/\/www.laclefauxchamps.com\/wp-content\/uploads\/2025\/05\/Cantate-Domino-Concert-Couture-.mp3\"><\/audio><\/figure>\n\n\n\n<p>en l&rsquo;\u00e9glise de Ruill\u00e9 sur Loir, le 7 d\u00e9cembre 2024, \u00a0\u00bb <em>Charmant papillon<\/em>\u00ab\u00a0, d&rsquo;Andr\u00e9 Campra:<br><\/p>\n\n\n\n<figure class=\"wp-block-audio\"><audio controls src=\"https:\/\/www.laclefauxchamps.com\/wp-content\/uploads\/2025\/05\/Charmant-papillon-Concert-Ruille-07_12_2024.mp3\"><\/audio><\/figure>\n\n\n\n<p>en l&rsquo;\u00e9glise de Mar\u00e7on, le 5 avril 2025, \u00a0\u00bb <em>Les fleurs et les arbres<\/em>\u00ab\u00a0, de Camille Saint-Sa\u00ebns:<\/p>\n\n\n\n<figure class=\"wp-block-audio\"><audio controls src=\"https:\/\/www.laclefauxchamps.com\/wp-content\/uploads\/2025\/05\/Les-fleurs-et-les-arbres-Marcon-05_04_2025.mp3\"><\/audio><\/figure>\n\n\n\n<p>en l&rsquo;\u00e9glise de La Chartre s\/le Loir, le 28 juin 2025, <em>\u00ab\u00a0Autumn\u00a0\u00bb<\/em> de Ola Gjeilo:<\/p>\n\n\n\n<figure class=\"wp-block-audio\"><audio controls src=\"https:\/\/www.laclefauxchamps.com\/wp-content\/uploads\/2025\/07\/Autumn-1.mp3\"><\/audio><\/figure>\n\n\n\n<p>en l&rsquo;\u00e9glise de La Chartre s\/le Loir, le 28 juin 2025, <em>\u00ab\u00a0Gloria un excelsis Deo\u00a0\u00bb <\/em>de Jay Althouse:<\/p>\n\n\n\n<figure class=\"wp-block-audio\"><audio controls src=\"https:\/\/www.laclefauxchamps.com\/wp-content\/uploads\/2025\/07\/Gloria.mp3\"><\/audio><\/figure>\n\n\n\n<p>en l&rsquo;\u00e9glise de La Chartre s\/le Loir, le 28 juin 2025, <em>\u00a0\u00bb La s\u00e9r\u00e9nade\u00a0\u00bb <\/em>de Franz Schubert:<\/p>\n\n\n\n<figure class=\"wp-block-audio\"><audio controls src=\"https:\/\/www.laclefauxchamps.com\/wp-content\/uploads\/2025\/07\/La-serenade.mp3\"><\/audio><\/figure>\n","protected":false},"excerpt":{"rendered":"<p>Voici quelques extraits de nos concerts :en l&rsquo;\u00e9glise d&rsquo;Artins, le 13 octobre 2024, \u00ab\u00a0O\u00f9 voulez-vous aller?\u00a0\u00bb de Charles Gounod: en l&rsquo;\u00e9glise de Couture, le 25 mai 2024, \u00ab\u00a0Cantate Domino\u00a0\u00bb de Giovanni Croce: en l&rsquo;\u00e9glise de Ruill\u00e9 sur Loir, le 7 d\u00e9cembre 2024, \u00a0\u00bb Charmant papillon\u00ab\u00a0, d&rsquo;Andr\u00e9 Campra: en l&rsquo;\u00e9glise de Mar\u00e7on, le 5 avril 2025, [&hellip;]<\/p>\n","protected":false},"author":1,"featured_media":0,"parent":0,"menu_order":0,"comment_status":"closed","ping_status":"closed","template":"","meta":{"_themeisle_gutenberg_block_has_review":false,"footnotes":""},"class_list":["post-371","page","type-page","status-publish","hentry"],"_links":{"self":[{"href":"https:\/\/www.laclefauxchamps.com\/index.php\/wp-json\/wp\/v2\/pages\/371","targetHints":{"allow":["GET"]}}],"collection":[{"href":"https:\/\/www.laclefauxchamps.com\/index.php\/wp-json\/wp\/v2\/pages"}],"about":[{"href":"https:\/\/www.laclefauxchamps.com\/index.php\/wp-json\/wp\/v2\/types\/page"}],"author":[{"embeddable":true,"href":"https:\/\/www.laclefauxchamps.com\/index.php\/wp-json\/wp\/v2\/users\/1"}],"replies":[{"embeddable":true,"href":"https:\/\/www.laclefauxchamps.com\/index.php\/wp-json\/wp\/v2\/comments?post=371"}],"version-history":[{"count":8,"href":"https:\/\/www.laclefauxchamps.com\/index.php\/wp-json\/wp\/v2\/pages\/371\/revisions"}],"predecessor-version":[{"id":427,"href":"https:\/\/www.laclefauxchamps.com\/index.php\/wp-json\/wp\/v2\/pages\/371\/revisions\/427"}],"wp:attachment":[{"href":"https:\/\/www.laclefauxchamps.com\/index.php\/wp-json\/wp\/v2\/media?parent=371"}],"curies":[{"name":"wp","href":"https:\/\/api.w.org\/{rel}","templated":true}]}}